tors of 1334102311?
181, 7370731
List the prime factors of 211412132.
2, 509, 103837
List the prime factors of 74167993.
29, 2557517
What are the prime factors of 181139674?
2, 23, 3937819
List the prime factors of 69692197.
17, 4099541
What are the prime factors of 997753838?
2, 59, 443, 19087
What are the prime factors of 3141682175?
5, 125667287
List the prime factors of 99534309.
3, 7, 4739729
What are the prime factors of 1793497390?
2, 5, 179349739
List the prime factors of 134544857.
9391, 14327
What are the prime factors of 36287896?
2, 139, 32633
What are the prime factors of 56624592?
2, 3, 61, 83, 233
List the prime factors of 51851409.
3, 109, 158567
What are the prime factors of 203632512?
2, 3, 530293
What are the prime factors of 1487570335?
5, 1117, 266351
List the prime factors of 7927718441.
19, 331, 1260569
List the prime factors of 640567093.
211, 3035863
List the prime factors of 1443833248.
2, 11, 13, 1867
List the prime factors of 129749246.
2, 11, 101, 58393
List the prime factors of 2863150910.
2, 5, 157, 1823663
List the prime factors of 111789704.
2, 13, 1074901
What are the prime factors of 48841571?
19, 2570609
What are the prime factors of 180086647?
13, 13852819
What are the prime factors of 82085684?
2, 37, 554633
What are the prime factors of 3831115222?
2, 11, 31, 281, 19991
What are the prime factors of 327317315?
5, 13, 5035651
List the prime factors of 1579669353.
3, 29, 6052373
What are the prime factors of 659432907?
3, 7, 17, 37, 43
List the prime factors of 636380812.
2, 159095203
List the prime factors of 58207844.
2, 14551961
List the prime factors of 1274194080.
2, 3, 5, 884857
What are the prime factors of 118508678?
2, 593, 99923
List the prime factors of 44658819.
3, 4962091
List the prime factors of 12740212.
2, 43, 74071
What are the prime factors of 957097849?
19, 593, 84947
List the prime factors of 319734514.
2, 11, 47, 28111
What are the prime factors of 697850032?
2, 11, 113, 35089
List the prime factors of 512265774.
2, 3, 109, 397, 1973
List the prime factors of 1946555156.
2, 7, 13, 1621, 3299
What are the prime factors of 8725888339?
7, 19, 31, 2116393
List the prime factors of 57796655.
5, 7, 73, 22621
What are the prime factors of 4671036551?
19, 43, 5717303
What are the prime factors of 38571398?
2, 61, 467, 677
List the prime factors of 332314585.
5, 66462917
What are the prime factors of 99918963?
3, 79, 140533
What are the prime factors of 488327785?
5, 11, 8878687
List the prime factors of 124407675.
3, 5, 7, 78989
List the prime factors of 3054615990.
2, 3, 5, 101820533
What are the prime factors of 31474662?
2, 3, 571, 9187
What are the prime factors of 81685092?
2, 3, 6807091
List the prime factors of 680184422.
2, 241, 1411171
What are the prime factors of 593258377?
31, 1901, 10067
What are the prime factors of 172937040?
2, 3, 5, 720571
List the prime factors of 9085795.
5, 1817159
What are the prime factors of 230506624?
2, 1800833
What are the prime factors of 378875558?
2, 189437779
List the prime factors of 223728409.
83, 2695523
What are the prime factors of 112678319?
13, 8667563
What are the prime factors of 190864484?
2, 4519, 10559
What are the prime factors of 19992376?
2, 83, 30109
What are the prime factors of 819155596?
2, 7, 1979, 14783
What are the prime factors of 6186599545?
5, 7, 1307, 135241
List the prime factors of 6714449118.
2, 3, 13, 28694227
What are the prime factors of 49616358?
2, 3, 11, 751763
List the prime factors of 74049157.
7, 13, 41, 89, 223
What are the prime factors of 6395196903?
3, 179, 11909119
List the prime factors of 5462429.
7, 780347
List the prime factors of 53657075.
5, 2146283
List the prime factors of 35189090.
2, 5, 107, 32887
What are the prime factors of 2159343679?
41, 1284559
What are the prime factors of 106280814?
2, 3, 17713469
What are the prime factors of 200240986?
2, 11, 83, 109661
List the prime factors of 405767257.
7, 1987, 29173
What are the prime factors of 11326318?
2, 17, 19, 89, 197
List the prime factors of 111095133.
3, 199, 379, 491
What are the prime factors of 171124128?
2, 3, 7, 29, 2927
List the prime factors of 30896400.
2, 3, 5, 25747
List the prime factors of 827601.
3, 73, 3779
List the prime factors of 440555302.
2, 11, 20025241
List the prime factors of 656763299.
656763299
What are the prime factors of 269892981?
3, 1693, 17713
List the prime factors of 302191231.
302191231
List the prime factors of 23740561.
13, 1826197
What are the prime factors of 65231584?
2, 11, 17, 991
What are the prime factors of 6703381279?
7, 19, 37, 1123, 1213
What are the prime factors of 75446118?
2, 3, 11, 23, 16567
List the prime factors of 138806268.
2, 3, 109, 106121
What are the prime factors of 240561202?
2, 7, 17182943
What are the prime factors of 321808975?
5, 257, 50087
What are the prime factors of 2301987842?
2, 7, 11, 2389, 6257
List the prime factors of 577043625.
3, 5, 71, 21673
What are the prime factors of 1758749702?
2, 631, 941, 1481
What are the prime factors of 47709354?
2, 3, 7, 11, 37, 2791
What are the prime factors of 34687905?
3, 5, 7, 17, 19433
What are the prime factors of 382232424?
2, 3, 7, 19, 119747
List the prime factors of 266207735.
5, 617, 86291
List the prime factors of 161683051.
161683051
What are the prime factors of 470330710?
2, 5, 47033071
What are the prime factors of 1981092580?
2, 5, 23, 4306723
What are the prime factors of 1269341848?
2, 23, 307, 977
What are the prime factors of 204849129?
3, 71, 961733
List the prime factors of 166723726.
2, 13, 17, 29, 13007
What are the prime factors of 41798082?
2, 3, 2459, 2833
List the prime factors of 14871599.
31, 47, 59, 173
List the prime factors of 15630536.
2, 29, 89, 757
What are the prime factors of 29762817?
3, 7, 547, 2591
What are the prime factors of 758915346?
2, 3, 7, 257, 70309
List the prime factors of 1577169467.
487, 3238541
What are the prime factors of 6604893?
3, 503, 1459
What are the prime factors of 142955319?
3, 13, 79, 46399
List the prime factors of 2034433853.
2034433853
List the prime factors of 975960622.
2, 7, 13, 227, 23623
What are the prime factors of 296757098?
2, 11, 41, 2719
What are the prime factors of 3159676173?
3, 1699, 619909
What are the prime factors of 217905299?
193, 1129043
What are the prime factors of 223681215?
3, 5, 173, 86197
What are the prime factors of 43271954?
2, 11, 1966907
What are the prime factors of 2879835131?
9007, 319733
What are the prime factors of 1795083123?
3, 598361041
What are the prime factors of 36823482?
2, 3, 19, 107671
What are the prime factors of 2050972716?
2, 3, 13, 13147261
List the prime factors of 15570192.
2, 3, 11, 37, 797
What are the prime factors of 306450473?
7, 43778639
What are the prime factors of 595966036?
2, 1697, 87797
List the prime factors of 11018873.
17, 41, 15809
What are the prime factors of 2940469573?
337, 8725429
What are the prime factors of 19918972?
2, 4979743
List the prime factors of 267432295.
5, 13, 317, 12979
List the prime factors of 2918035468.
2, 1709, 426863
What are the prime factors of 6241817646?
2, 3, 346767647
List the prime factors of 58178030.
2, 5, 5817803
List the prime factors of 273963568.
2, 17, 773, 1303
List the prime factors of 3034270901.
3034270901
What are the prime factors of 2341145341?
47, 107, 465529
What are the prime factors of 47220264?
2, 3, 7, 13, 7207
What are the prime factors of 292970953?
11, 41, 421, 1543
List the prime factors of 529438012.
2, 23, 151, 1657
What are the prime factors of 16635768?
2, 3, 693157
What are the prime factors of 143649403?
293, 490271
List the prime factors of 1791173944.
2, 7, 23, 43, 32341
List the prime factors of 300325634.
2, 7, 21451831
What are the prime factors of 1311861431?
22453, 58427
List the prime factors of 197516461.
1453, 135937
What are the prime factors of 56695513?
7, 617, 13127
What are the prime factors of 20239966?
2, 10119983
List the prime factors of 607600571.
8087, 75133
What are the prime factors of 413223913?
17, 19, 613, 2087
What are the prime factors of 130398007?
17, 19, 29, 13921
List the prime factors of 18865737.
3, 11, 63521
List the prime factors of 41016920.
2, 5, 7, 17, 1231
List the prime factors of 19028